 Let o be d(0). Suppose -5*w - 4*v + 2083 = 423, o = 5*w + v - 1660. What is the hundreds digit of w?
3
What is the hundreds digit of 1916 - 2*2/(-4)*(100 + -95)?
9
Let z(o) = 91*o**3 - 19*o**2 + 141*o + 16. What is the units digit of z(8)?
0
Let n = 15898 + -2462. What is the thousands digit of n?
3
Let l be 0/((-3)/6*4)*1. Let f(t) = -13*t + 226. What is the hundreds digit of f(l)?
2
Suppose -3*p - 2*r + 4*r + 21 = 0, 2*p - 4*r - 22 = 0. Suppose 3*x + 1964 = p*k, -725 = 5*k - 2*x - 2691. What is the units digit of k?
4
Let i(m) = 240*m + 2000. What is the tens digit of i(72)?
8
Let k(a) = a**3 + 9*a**2 - 9*a - 8. Let q(h) = -h**2 - 5*h - 9. Let j be q(-4). Let o be (-9)/(j/(-4 + -1)). What is the tens digit of k(o)?
7
Let q be (-460)/(-15) + 4/12. Let l = q + -3. Let n = l - -36. What is the units digit of n?
4
What is the ten thousands digit of 3649228/55 + 2 + (0 - 8/5)?
6
Let g(z) = 6984*z**2 - 4*z + 11. What is the hundreds digit of g(1)?
9
Let s be (-26)/(-22) + (-4)/22. Let g be 1 - 4191/(-9) - s/(-3). Suppose 126 = f + 4*i, -4*f + g = 5*i - 26. What is the tens digit of f?
2
Suppose 58*k = -26764 + 213872. What is the tens digit of k?
2
What is the hundreds digit of 26/442 - (-240548)/34?
0
Suppose 0 = -4*c + 5*o + 1040 - 159, -o + 218 = c. Suppose 2*h - 5*h + c = 0. Suppose 0 = -s - 2*s + m + 195, 3*m = s - h. What is the units digit of s?
4
Suppose -58*o = -65*o + 21. Suppose 3*t + 72 - 2708 = a, -7914 = -9*t - o*a. What is the units digit of t?
9
Suppose -4437 = -3*s + 5604. Suppose -c + 5*a + 824 = 0, -16*c + 12*c + s = -3*a. What is the units digit of c?
9
Let p be (-2)/15 + 7024/30. Let x = p - 147. What is the tens digit of x?
8
What is the hundreds digit of 140/60 + 160216/24?
6
Let w(a) = 17*a - 7. Let x be (-6*1/1)/(4 - 6). Suppose -13 = -x*y - 2*y + 3*m, -3*m + 12 = 0. What is the tens digit of w(y)?
7
Let o(t) = -50*t + 197. Let u(l) = 52*l - 198. Let q(g) = 4*o(g) + 5*u(g). What is the units digit of q(18)?
8
What is the tens digit of (48/(-14))/((2/9968)/(11/(-22)))?
4
Let o(w) = -10*w - 179. Let d be o(-35). Let c = 261 + d. What is the hundreds digit of c?
4
Suppose -n + 5 = 0, 2*b - 3*n = -0*b - 13. Suppose -3*r - b + 13 = 0, -r = -5*z + 1631. What is the hundreds digit of z?
3
Let k = 37210 - 18492. What is the tens digit of k/13 + (-7)/((-1456)/32)?
4
Let l(i) = 78*i**2 - i + 302. What is the units digit of l(-15)?
7
Suppose 4*a = -14 + 46. Let w be (-3 + 4)/(4/a) + 86. Let x = 194 - w. What is the hundreds digit of x?
1
Suppose 4*n = -2*b + 218268, -28972 = n - 3*b - 83560. What is the hundreds digit of n?
5
Let m(x) be the second derivative of -x**5/20 + 5*x**4/12 + 5*x**3/3 - 11*x**2/2 - 2*x + 11. What is the units digit of m(6)?
3
Let f(j) = 32*j - 1. Let t be f(-1). Let v = 40 + t. Suppose -v*r + 705 = -2*r. What is the units digit of r?
1
Let r(j) = 72*j**2 - 15*j - 32. Let g = -405 + 402. What is the hundreds digit of r(g)?
6
What is the units digit of -5 + 1644/324 + 6466380/162 + -6?
0
Let v be (-3)/((-1)/4*-6). Let k(r) = 32*r - 7. Let b(s) = s. Let q(i) = b(i) - k(i). What is the tens digit of q(v)?
6
Let a be 0/((30/20)/(6/(-8))). Suppose -j - 71 = -76. Suppose a = -j*p + p + 668. What is the tens digit of p?
6
Suppose -2*t - 71979 = -4*x + 36495, -5*t = -x + 27105. What is the units digit of x?
0
Let d(p) = -3*p**2 - 6*p + 4. Let u be d(-5). Suppose 4*r + 447 = 8*r - 5*q, -5*r + 4*q + 570 = 0. Let s = u + r. What is the tens digit of s?
7
Suppose 4*l + 5*b + 8 = 0, -2*l - l + b = 6. Let p be 1*l/((-2)/(-3)). Let h = 93 - p. What is the tens digit of h?
9
Let d(y) = -11*y**3 + 2*y**2 - 14*y + 12. What is the hundreds digit of d(-8)?
8
Let p = 1273 + -478. What is the units digit of ((-3)/((-30)/8))/(6/p)?
6
Suppose 4*y - 145 = 3*n, -3*n - 111 = -3*y - 0*n. Let x(p) = 0*p**2 + 21 + y*p + 5*p**2 - 43*p. What is the tens digit of x(5)?
0
Let c = 151 - 151. What is the thousands digit of c + 2 + (6 - -1600)?
1
Let r = 12 + 12. Let b = 2431 + -2440. Let k = b + r. What is the units digit of k?
5
Suppose 20*p = 21*p + 15. Let s(y) = y**2 + 12*y - 34. Let w be s(p). Suppose -w*h = -h - 50. What is the units digit of h?
5
Let z(l) = 8*l**3 + 4*l - 2 + l**2 + 28*l**2 - 6*l**3 - 17. What is the tens digit of z(-14)?
2
Let c = -1015 - -1478. Suppose z + 4*u - 219 = 0, -4*z - c + 1313 = 3*u. What is the tens digit of z?
1
What is the tens digit of (-1130)/6*-15 - -2 - 3?
2
Let o(u) = u - 20. Let r be o(15). Let l(d) = -63*d - 13. What is the units digit of l(r)?
2
Suppose -2*t + 2*h = -h - 36, -3*t - 2*h + 67 = 0. Suppose -1880 = 11*a - t*a. What is the hundreds digit of a?
1
What is the hundreds digit of ((-18877940)/161)/20*(-14)/2?
0
Suppose -5*a + 5*j - 81 = -16, -4*a + j - 52 = 0. Let x(d) = -7*d**3 - 14*d**2 - 10*d + 1. Let w be x(-2). Let t = w - a. What is the units digit of t?
4
Let s be (-6)/6 + 1 - -13. Suppose -12*z = -s*z + 143. What is the hundreds digit of z?
1
Suppose -213 = -b + 4*u, -23 = b + 5*u - 191. Let t = b + 98. What is the units digit of t?
1
Suppose 2*q + 40571 = 5*r - 22305, 12583 = r - 3*q. What is the units digit of r?
4
Let b(t) = -7532*t - 12653. What is the units digit of b(-10)?
7
Let z(w) = 2*w**2 + 4*w - 39. Let t be z(-9). Let m = 449 - t. What is the tens digit of m?
6
What is the hundreds digit of 1 - (-12692 + (-4)/((-2)/12*4))?
6
Let j be 6/15 + 5/((-50)/5144). Let d = j - -288. What is the hundreds digit of (-4)/8*d - 0?
1
Let l be (319/33)/(3/342). Suppose -5*n + 1473 = -3*d - 1298, -2*n - 2*d = -l. What is the tens digit of n?
5
Suppose 0 = 7*d + d - 1200. Suppose -z + 150 + d = 0. Suppose 4*t + 2*t = z. What is the units digit of t?
0
Let d(o) = o**2 + 13*o + 14. Let y be d(-12). Suppose -y*l + 6*l - 52 = 0. What is the units digit of l/(-3)*(3 + -12)?
9
Let o(j) = -j**3 + 5*j**2 - 2*j - 4. Let g be o(4). Suppose 6*s - 1920 = g*s - 5*b, 2*s - 1928 = -3*b. What is the tens digit of s?
7
Let n(d) = -112*d - 110. Let t = 315 + -321. What is the units digit of n(t)?
2
Let q(w) = 9*w - 102. Let a = 79 - 63. What is the units digit of q(a)?
2
Let z = -811 - -14861. What is the ten thousands digit of z?
1
Suppose -4*r + 5*i - 31145 = -9*r, 2*i + 2 = 0. What is the thousands digit of r?
6
Let f = 281 - 278. Suppose q - 3*w - 455 = -6*w, 0 = f*q + w - 1405. What is the tens digit of q?
7
Suppose -22*d - 3 - 151 = 0. What is the units digit of 6/(-42)*6*d?
6
Suppose 11*t = 35 - 2. Suppose 2*u - 908 = -19*j + 21*j, j = t*u - 1354. What is the hundreds digit of u?
4
Let k = -10 + 62. Let p = 59 - k. Let u = p - -14. What is the tens digit of u?
2
Let r be ((-2)/8)/(6/(-48)). Let u = 332 - 298. Suppose 0 = -5*n + 2*j + 424, -r*n + 126 = -4*j - u. What is the units digit of n?
6
What is the ten thousands digit of 399222/20 + (-15)/75*(-8)/(-16)?
1
Suppose 2*j + 0*j - 4 = 0. Let o(s) = 16*s**2 - 20*s - 4*s**2 + s**3 - 5 - j*s**3. What is the units digit of o(9)?
8
Suppose -5*d - 136648 = -5*d - 19*d. What is the units digit of d?
2
Let x(d) = -10 - 3*d**2 + 9 + 2*d**2 + 75 - 4*d. What is the tens digit of x(6)?
1
Suppose -3*x + 4*m = -3773, 2*m + 1965 + 1816 = 3*x. What is the thousands digit of x?
1
Let x(p) = 2*p**3 - 47*p**2 - 26*p + 67. Let z be x(24). Suppose z*i = 1208 + 3162. What is the units digit of i?
0
Suppose 1587*w - 1580*w = 55895. Suppose -2*z = 2*x - 3182, x = -5*z + 2*x + w. What is the hundreds digit of z?
5
Suppose 245 = 14*a - 119. Let q(x) = -5*x + x**3 - 31 - 41*x**2 + a*x**2 + 10*x. What is the tens digit of q(15)?
4
Suppose t = -s + 517, 3*s + t - 1602 = -47. Suppose 7*p - s - 881 = 0. What is the units digit of p?
0
Let v = 1440 + -355. What is the tens digit of 20/(-7)*v/(-10)?
1
Let z(a) = 2*a**3 + 9*a**2 + 9*a + 3. Let u be z(-5). Let y = -65 - u. What is the tens digit of (-31*9/12)/(y/(-8))?
9
Let h be ((-28)/((-6)/(-3)*-1))/1. Let r(f) = 2*f**3 - 26*f**2 - 28*f + 8. Let c be r(h). Suppose -13*t = -c*t - 350. What is the units digit of t?
0
What is the hundreds digit of -4 + 1 - 222924/(-52)?
2
Let h(b) = b - 2. Let t(f) = -f + 1. Let x(v) = -5*h(v) - 4*t(v). Let s be x(4). Suppose l - 6 = -l, s*y = l + 217. What is the hundreds digit of y?
1
Let y = 44 + -42. Let h be 0*(-3)/6*y/(-2). Let p(c) = -c**3 + c + 74. What is the tens digit of p(h)?
7
Suppo